-22*g + 42 + 68 = 0. Let n(t) = t**2 - 6*t + 11. What is n(g)?
6
Let k(m) be the first derivative of m**4/4 - m**3/3 + 11*m - 4. Suppose 0*n = 3*n + 3*n. Determine k(n).
11
Let h(l) = l**2 - 5*l + 3. Suppose -5*m = 2*u - 16, -3*m - u = 3*u - 18. Give h(m).
-3
Let t(l) be the second derivative of l**4/12 + l**3/2 - 3*l**2/2 - l. Let b = 16 + 25. Let p = b + -46. Calculate t(p).
7
Let q(t) = -577*t**2 + 576*t**2 - 11*t - 5 + 2*t. Give q(-7).
9
Let z(o) be the first derivative of o**3/3 - o**2/2 + o + 2. Suppose 553*q - 544*q = 0. Give z(q).
1
Let x(j) be the second derivative of 2*j**3/3 - 55*j**2/2 + 12*j - 12. Calculate x(14).
1
Let v(p) be the first derivative of 5*p**4/2 + 7*p**3 + 3*p**2 + 25*p - 17. Let b(a) = 3*a**3 + 7*a**2 + 2*a + 8. Let q(h) = -7*b(h) + 2*v(h). Calculate q(-7).
8
Let g(z) = -2*z + 0*z + 6 - 4*z - 23. Let p be g(-4). Let a(c) = c**3 - 8*c**2 + 8*c - 8. Determine a(p).
-1
Let f(k) = 11*k**2 + 12*k**2 - 29*k**2 + 4*k**3 - 3*k**3 - 3. Calculate f(6).
-3
Let h(n) = 6*n. Let o(s) = s**3 + 6*s**2 - 6*s. Let v be o(-7). Let u be ((-6)/v)/((-2)/(-7)). Suppose u*a - 5*m + 24 = 4*a, 3*m = 2*a + 17. Calculate h(a).
-6
Let v = 17 - 24. Let x(y) be the second derivative of y**3/6 - 3*y**2/2 - 58*y. Give x(v).
-10
Let j(k) = 2*k**2 + 21 + 13*k - 71*k + 3 + 29 + 0*k**2. Determine j(28).
-3
Let q(g) = 61*g + 0 - 122*g + 2 + 62*g. Give q(14).
16
Let p(s) be the first derivative of -s**2/2 + s - 1. Let i = 55 - 61. Calculate p(i).
7
Let q(b) = -436 + 4*b - 5*b + 442. Let k = -5 - -10. Give q(k).
1
Suppose -3*w - 3 = -2*w. Let t(a) = 8 + 2*a + 2 + 0*a. Let o(q) = -q - 5. Let v(u) = w*t(u) - 7*o(u). Determine v(-5).
0
Let l(z) = 2*z**2 + 14*z - 1. Let m(w) = w**2 + 30*w + 208. Let x be m(-12). Determine l(x).
15
Let o(u) = -5*u + 4. Suppose -5*w - 9*t + 7*t = -17, -t + 16 = 4*w. Determine o(w).
-21
Let b(m) be the first derivative of -m**4/24 - m**3/6 - 5*m**2 - 6. Let t(o) be the second derivative of b(o). Determine t(-4).
3
Let i(z) = z + 1. Suppose h - 3*d = -3*h + 2, 0 = -h - d + 4. Let y = h + 2. Suppose t = y*t - 12. Calculate i(t).
5
Let q = -60 - -59. Let s be 1 + (q - 2 - -1). Let c(u) = 3*u + 1. Determine c(s).
-2
Suppose 0 = -2*s - 4*j + 12, s = j - 0*j. Let q(r) = 3*r + s*r**2 + 2 + r - r + r**2. Determine q(-2).
8
Let d(t) = 16*t**3 - 32*t**2 - 4*t + 10. Let k(c) = 3*c**3 - 6*c**2 - c + 2. Let z(n) = -2*d(n) + 11*k(n). Calculate z(3).
2
Let w(m) = m**2 + 5*m - 9. Suppose 5*u = -5*v - 25, 10*u - 2*v - 20 = 14*u. Determine w(u).
-9
Let g(n) = 11*n**2 + 23 + 0*n - 2*n + 10*n - 12*n**2. What is g(11)?
-10
Let i(m) = m**3 + 7*m**2 + 4*m - 5. Let u(b) = b**3 + 23*b**2 + 45*b + 57. Let c be u(-21). What is i(c)?
7
Let c(b) = -7*b**2 + 0 - 7 + 2*b**2 - 9*b + 4*b**2. Suppose -2*v - 3*v + 75 = 0. Suppose 0 = -3*f - 2*f - 5*q - v, 4*f - 4*q + 44 = 0. Determine c(f).
7
Let h(u) = -2*u - 1. Suppose -4*i - 8 = 4*a, -4*i = i - 4*a - 26. Let d(z) = 3 - i*z + 0*z**3 - 1 - 3 + z**3 + 2*z**2. Let c be d(-2). Determine h(c).
-7
Let t be 4 - (23/(-4) + 4)*-4. Let n be 5 + (t/2)/((-18)/(-12)). Let o(h) = -2*h + 8. Give o(n).
0
Let k(o) = -11*o - 116. Let f be k(-11). Let b(l) be the second derivative of f*l + 0 + 5/2*l**2 + 0*l**3 - 1/20*l**5 - 1/3*l**4. Give b(-4).
5
Let c(r) = -r**2 + 4*r + 3. Let k be c(4). Suppose -3*q = 3*n - 30, -2*n = 4*q - 3*n - 25. Let l(u) = -5*u**2 - 9 + u**3 + 15 + 4*u - q. Calculate l(k).
-7
Let z = 113 - 111. Suppose 3*q = -4*w + 3 - 0, 3*w + 3*q = 0. Let d(a) = 0*a**2 - w*a**2 - a**2 + 6*a**2 - a**3. Determine d(z).
0
Let t(u) = -3*u**3 + 2*u**2 + 2*u + 7. Let b(c) = c**3 - c**2 - c - 4. Let n(d) = -5*b(d) - 2*t(d). Suppose 3*z = 5*m + 10, -6 = z + 3*m - 0*m. Determine n(z).
6
Let o(c) = -c + 5. Let r be o(5). Suppose -9*t + r*t = 9. Let k(m) be the second derivative of -5*m**4/12 + m**3/6 + m**2/2 - m. What is k(t)?
-5
Let y(x) = -x**3 + 5*x**2 + 6*x. Let h(k) = 1. Let i(b) = -4*h(b) + y(b). Let z(p) = -2*p**2 - p + 5. Let m be z(3). Let j be 4/(-5)*120/m. Give i(j).
-4
Suppose -q = 3 - 7. Suppose -6 = -q*r + 2. Let l(z) = r*z - 6*z + 1 + 3*z. What is l(6)?
-5
Let h be -1 + (-4 + 3)*(-11 - -6). Let w(c) = -c**3 + 5*c**2 - 3*c + 2. Determine w(h).
6
Let n = -15 + 20. Let t(f) = -6*f + 0*f**3 + 5 - 4*f**2 + f**3 - f - 4. Give t(n).
-9
Let f(n) = 6*n**2 + 6 + 5*n**3 + 6*n - 4*n**3 - 7. Calculate f(-5).
-6
Let o(k) = 13*k**2 + 29*k - 33. Let x(q) = 3*q**2 + 7*q - 8. Let t(r) = 2*o(r) - 9*x(r). Let d(l) = 3*l + 7. Let f be d(5). Suppose -4*j = f + 2. Give t(j).
0
Let u = -10 + 16. Let m = u + -9. Let x(s) be the third derivative of -s**5/60 - s**4/8 - s**3/2 + 25*s**2. Determine x(m).
-3
Let t = -18 + 7. Let g be -3*3 + (-14 - -12). Let j = g - t. Let r(f) = f - 5. Calculate r(j).
-5
Let w be -1 - (-9)/(9/(-7)). Let s(j) = j**2 + 9*j + 12. Give s(w).
4
Let g(a) = -2*a - 3. Let m = 768 + -764. Determine g(m).
-11
Let r(i) = 4*i + 11. Suppose 10*o - 46 + 86 = 0. Calculate r(o).
-5
Let d = -566 - -565. Let m(p) be the second derivative of -3*p**5/4 + p**2/2 - p. Determine m(d).
16
Let h(m) = -m**2 - m - 3 - 4*m + 9. Let g(d) = 6*d - 2*d - d + 10 - 4. Let w be g(-4). Determine h(w).
0
Let j be 148/(-333) + 170/18. Let t(n) = -2*n + 13. Calculate t(j).
-5
Let g be (-5*3)/(6/(-4)). Let f(j) = -j**2 - 9*j - 14. Let y(x) = -3*x**2 - 18*x - 31. Let u(l) = 5*f(l) - 2*y(l). Calculate u(g).
2
Let y(a) be the second derivative of 2*a**3/3 + a**2 - 590*a. Give y(-2).
-6
Suppose -179*l = -190*l + 33. Let o be 4/6 - (-16)/12. Let a(c) = 4 + 0 + c**o + c**3 + 3*c - 2*c**3. Give a(l).
-5
Suppose -5*i - 220 = -5*u, 5*i + u = -237 + 11. Let y be (-30)/i*3/(-2). Let h(b) = -14*b - 11. Let s(g) = 5*g + 4. Let f(p) = 4*h(p) + 11*s(p). Give f(y).
1
Let b(r) = -r**3 + 4*r**2 + r - 2. Suppose 0 = -4*a + 4*m - 28, -4*a - 4*m + 10 - 38 = 0. Let c = 11 + a. Suppose -q + 0*q = -c. Give b(q).
2
Let u(a) be the third derivative of -a**6/360 + a**5/40 - a**4/24 - a**3/3 - 5*a**2 + 3. Let z(b) be the first derivative of u(b). What is z(4)?
-5
Let x(a) be the third derivative of -a**4/24 + 4*a**3/3 - 2*a**2 - 250. Give x(7).
1
Let z(i) = -i - 9. Let a be (-322)/28 + (3/(-2) - -1). What is z(a)?
3
Suppose 0*a = -a - u - 8, -16 = 4*u. Suppose o + 7 = 3*c, -3*c + 4*o = 4 - 5. Let z(d) = 3*d + 8 - 4*d - c. Determine z(a).
9
Let b(i) = -5*i - 8. Let v be ((-12)/(-14))/((-7)/49). Let l(c) = -4*c - 7. Let u(z) = v*l(z) + 5*b(z). Suppose 2*m = -2*m. Calculate u(m).
2
Let f(q) be the second derivative of -q**4/12 + q**2/2 - q. Suppose 0 = 2*l - 8, -2*l + 25 = -3*v + 2*v. Let i = v + 18. Give f(i).
0
Let z(l) = -l**3 - 5*l**2 - 3*l - 7. Suppose 17*w = -0*w - 102. What is z(w)?
47
Let x(k) be the second derivative of k**5/5 + k**4/6 + k**3/3 + k**2/2 - 53*k. Give x(-1).
-3
Let k(i) = -2 - 5 - 7*i**2 + 8 - 27*i + 27*i. Give k(2).
-27
Let w be (3/2)/(36/48). Let y = w + 1. Suppose -2*h + 3 + y = 0. Let m(f) = f - 3. Determine m(h).
0
Let n(w) = -2*w**2 + 11*w - 1. Let r(k) = -3*k**2 + 16*k - 1. Let p(x) = 7*n(x) - 5*r(x). Calculate p(2).
-4
Let k(t) = -2*t - 1. Let f(q) be the first derivative of -q**3/3 + 15*q**2/2 - 51*q - 6. Let y be f(7). Determine k(y).
-11
Let f(i) = 2*i + 8. Let c(v) = -5*v - 17. Let o(k) = -4*c(k) - 9*f(k). Suppose -2*z + 4 = -4. Suppose -z*x + 24 = -4*a, 0*a - 5*x = 4*a + 15. Give o(a).
-14
Let p = -17 - -22. Suppose -9*y + p*y + 8 = 0. Let g(v) = -y*v**2 - 2*v - 2*v**2 - 4 - v**2 + 4*v**2. Calculate g(-4).
-12
Let n(d) = -2*d**2. Let a(m) = -3*m**2 + 2*m + 9. Let h(k) = 2*k**2 - k - 5. Let q(w) = -3*a(w) - 5*h(w). Let z be q(-1). Determine n(z).
-8
Suppose 0 = -4*h, 2 + 0 = -f + 2*h. Let u be (-39)/6 + f/4. Let o(c) = c**2 + 5*c - 10. Determine o(u).
4
Let x(l) = -11*l. Let p(k) = -18*k. Let i(d) = 3*p(d) - 5*x(d). Let a(b) = -b**2 + 6*b + 2. Let w be a(7). Determine i(w).
-5
Let a(x) be the first derivative of x**3/3 - 9*x**2/2 + 10*x - 64. What is a(4)?
-10
Let z(o) be the third derivative of o**5/60 - 13*o**4/24 + 37*o**3/6 - 11*o**2. Let m be z(7). Let p(v) = -v + 2. Give p(m).
7
Let h(a) = -a - 1. Let x be h(-2). Let u = x + 0. Let n(q) be the second derivative of -q**3/6 - 52*q - 1. Determine n(u).
-1
Let q(l) be the first derivative of -l**3 + 1 + 0*l - 3/2*l**2. Give q(-2).
-6
Suppose -5*i - 23 = 27. Let b(y) = 18*y + 3*y**2 - 3